when d(0) is divided by -2 + (14 + 2)/t?
5
Let i(g) = -34*g - 88. Let m = 7 + -4. Suppose 4*w - m*b = 0, 5*w + 0*b = -2*b + 23. Calculate the remainder when i(-3) is divided by w.
2
Let f = -12 - -12. Suppose -4*y = -f*y - 72. Suppose -4*v - 27 = -3*o, 4*o = 2*o - 5*v + y. What is the remainder when 33 is divided by o?
6
Let y(w) = -2*w**3 - 57*w**2 + 25*w - 78. What is the remainder when 68 is divided by y(-29)?
30
Let w = -23 - -30. Let y(q) = q**3 - 8*q**2 + 12*q - 13. Calculate the remainder when 65 is divided by y(w).
21
Let a(j) = 83*j**3 - j. Suppose -27*p = -43*p + 272. Calculate the remainder when a(1) is divided by p.
14
Let n(t) = 2*t**2 + 3*t + 7. Let i(a) = -a**3 + 24*a**2 + 2*a - 19. Calculate the remainder when i(24) is divided by n(-3).
13
Let a = 470 + -453. What is the remainder when 28 is divided by a?
11
Let q(x) = 29*x**2 + 2*x - 3. Let n(j) = 5 - 9*j - 3*j - 21 + 10. Calculate the remainder when q(2) is divided by n(-3).
27
Let d = -31 - -58. Suppose -p = b - 36 - d, 8 = -4*p. What is the remainder when 193 is divided by b?
63
Let l(q) = q**3 - 5*q**2 - 13*q - 39. What is the remainder when 94 is divided by l(8)?
45
Let c(n) = -2*n**2 - 2. Let x be c(-2). Let o = -259 + 283. Let g = o + x. Calculate the remainder when 41 is divided by g.
13
Suppose 6*d + 24 + 498 = 0. Let x = -23 - d. What is the remainder when x is divided by 33?
31
Suppose -t - 15022 = -30*t. Calculate the remainder when t is divided by 25.
18
Let v = -16 + 19. Suppose -2*s - 4*k + 126 = -162, -4*s + v*k = -543. Suppose 3*w = -g - 2*g + 402, w + 5*g = s. What is the remainder when w is divided by 34?
31
Suppose 2*x - 3*z - 67 = -3, -6*x - 3*z = -240. What is the remainder when 55 is divided by x?
17
Suppose -34 = -3*w - 4*j, 3*w = 2*w + j + 2. Let u be -3*10/(-12)*2. Suppose -3*g - 3*m = -51, u*g + 2*m = g + 66. What is the remainder when g is divided by w?
4
Let x(k) = -k**3 + 8*k**2 - 7*k + 3. Calculate the remainder when 90 is divided by x(7).
0
Let y(b) be the first derivative of 25*b**3/3 - b**2/2 - 21. Calculate the remainder when y(1) is divided by 16.
8
Let c be ((-3)/(-2))/(2/4). Suppose -28 = -7*l + c*l. Suppose -5*k + 99 = -x, -x = 2*k + 2*x - 43. What is the remainder when k is divided by l?
6
Suppose 0 = -3*s - 3*n + 114, 0*n - 74 = -2*s - 3*n. Suppose -41*d = -45*d + 3*b + 38, -4*d - 4*b = -52. Calculate the remainder when s is divided by d.
7
Let r = -3 - -6. Suppose -t = -y + t - r, t = -5*y - 48. Calculate the remainder when 15 is divided by 6*(y/2)/(-3).
6
Suppose 0 - 2 = -u. Suppose -2*c - u*c = -264. What is the remainder when c is divided by 17?
15
Let n(c) = -c**3 + 5*c**2 - 7*c - 1. Let a(s) = -2*s**3 + 9*s**2 - 13*s - 2. Let w(y) = -3*a(y) + 5*n(y). Calculate the remainder when w(3) is divided by 9.
4
Suppose -9*a + 4 = -5*a. Let m(p) = -25*p**2 + 2*p - 2. Let b be m(a). Let n = b - -55. Calculate the remainder when n is divided by 11.
8
Let i(c) = 45*c + 22. What is the remainder when i(9) is divided by 11?
9
Suppose -2*x + 4*x = 34. Let h be (-21)/(-6) + (-2)/(-4). Suppose 2*u + 258 = h*q, -326 = -5*q - 3*u + 2*u. Calculate the remainder when q is divided by x.
14
Suppose -w = 2*u + 28, -5*u + 2*u + 127 = -5*w. Let a = w + 1. Calculate the remainder when (215/a)/(2/(-10)) is divided by 11.
10
Suppose 2*c - 2*b = 346, 4*b = c - 5*c + 708. Calculate the remainder when c is divided by 60.
55
Suppose 3*s = -4*n + 72, -2*n + 59 = 2*s - 3*n. Let a = 53 - s. Suppose -q = -5*h + 1, 5*q - 2*h - 26 = 15. What is the remainder when a is divided by q?
7
Let m(u) = -11*u - 142. Let b(x) = -x + 6. Calculate the remainder when m(-16) is divided by b(-7).
8
Calculate the remainder when 164 is divided by 45/6*(5 - (-10)/(-6)).
14
Let p(v) = -v**3 - 7*v**2 + 8*v + 5. Let d = -13 + 11. What is the remainder when d/(2 - 144/68) is divided by p(-8)?
2
Let v(w) = 16*w**2 - 4*w + 26. Calculate the remainder when v(6) is divided by 58.
56
Let w(x) = -x**2 - 8*x + 1. Suppose 4*p + 4*y + 75 = 27, p + 32 = -5*y. What is the remainder when 87 is divided by w(p)?
7
Let j(u) = 3*u**2 + 4*u - 1. Let w be j(-4). Suppose 2*d - w = -h, 5*d - 25 = 5*h - 150. Let n = 2202 + -2124. What is the remainder when n is divided by h?
24
Let j = -16 + 19. What is the remainder when 16 is divided by j + 2 + 8 + -4?
7
Let d(n) = n**2 - 3*n - 4. Let b be d(3). Suppose -9*l + q + 66 = -6*l, -3*l + 78 = 3*q. Let a = b + l. What is the remainder when a is divided by 5?
4
Suppose 2*k + 2*g = k - 1, -2*k = 3*g. Suppose 6*b = k*b. Let m = b - -12. Calculate the remainder when 45 is divided by m.
9
Suppose -30 = -4*h + 4*g + 14, 0 = -3*h + 4*g + 35. Suppose h*f + 100 = 487. What is the remainder when f is divided by 22?
21
Suppose 329 = 3*t + 4*t. Let f = 189 + -100. Calculate the remainder when f is divided by t.
42
Let m(r) = -19*r + 50. What is the remainder when 2638 is divided by m(-2)?
86
Let l = 20 + -14. Suppose -5*b = -l*b + 59. What is the remainder when b is divided by 20?
19
Let o = 45 + -70. Let c = -3 - -24. What is the remainder when c is divided by -10*5/(o/3)?
3
Let o = -1542 + 1614. Calculate the remainder when o is divided by 39.
33
Let c be -3 + 0 + (-6 - 6). Let o = 100 + c. What is the remainder when o is divided by 44?
41
Suppose 7*u - 57 = 4*u. Let z = 8 + -4. Suppose -8 = z*r - 148. Calculate the remainder when r is divided by u.
16
Let i = 1921 + -1906. What is the remainder when 131 is divided by i?
11
Let v = 37 - 32. Suppose -5*t = -t + m - 72, -5*m = -v*t + 115. Calculate the remainder when 73 is divided by t.
16
Let v(x) = 18*x - 31. Let p be v(2). Let s = 12 + 0. Suppose -246 = -p*d + 4*r, s + 0 = -3*r. What is the remainder when d is divided by 12?
10
Let s(q) = 12*q + 118. What is the remainder when 126 is divided by s(-8)?
16
Suppose 3*f = o + 7, 14 = -2*o - f - 3*f. Let r = o - -17. Suppose -3*w + 2*w = -r. Calculate the remainder when 19 is divided by w.
9
Suppose -3*n - 2*n = -50. Let a = n + -6. What is the remainder when 19 is divided by 92/12 - a/6?
5
Let p = 20 - -123. Calculate the remainder when p is divided by 21.
17
Let l(j) be the second derivative of 3*j**4/4 + 2*j**3/3 - 3*j**2 - 13*j. Calculate the remainder when l(-3) is divided by 17.
12
Suppose 5*c - 230 = -0*c. Let s = 6 - 2. Suppose -2*d + s*d = 24. What is the remainder when c is divided by d?
10
Suppose -2*i + 49 = -3*y, 2*i - y = -98 + 141. Calculate the remainder when 556 is divided by i.
16
Let a(y) = -y**2 + 14*y - 26. Let f be a(11). Let r(i) = 7*i - 25. What is the remainder when 44 is divided by r(f)?
20
Suppose 0 = 6*k - 2*k - 436. Calculate the remainder when k is divided by 33.
10
Calculate the remainder when 78 is divided by (207/36 + 1)/(9/24).
6
Suppose -28*q + 23*q = -20. Suppose -q*w + 256 + 196 = 0. Calculate the remainder when w is divided by 59.
54
Suppose -3*s + 18 = -s. Let d(x) = x**2 - 6*x - 12. Let f be d(s). Suppose 0*z = 3*z - f. What is the remainder when 19 is divided by z?
4
Suppose 0 = 2*t - 36*t + 408. Calculate the remainder when 214 is divided by t.
10
Suppose k - 2*k = -76. What is the remainder when k is divided by ((-8)/4)/(22/(-286))?
24
Let s = -925 + 1086. What is the remainder when s is divided by 25?
11
Let t(w) = -w**3 - 6*w**2 + 14*w + 7. Let r be t(-8). Let b = 32 - r. Calculate the remainder when b is divided by 7.
2
Let p(q) = -7*q - 16. What is the remainder when p(-6) is divided by 5?
1
Let x be 7 - (2 - 2 - -1). Suppose 0 = 3*l - x*l. Suppose 5*y = -3*n + 74, 5*y + 5*n = -l*n + 80. Calculate the remainder when y is divided by 5.
3
Let c be (-3 - -1)/((-4)/34). Suppose -2*k + 5*h + 18 = -7, -k + c = -h. Calculate the remainder when (265/106)/(10/152) is divided by k.
18
Let u = -97 + 134. Calculate the remainder when 93 is divided by u.
19
Let i = 275 - 242. Calculate the remainder when 70 is divided by i.
4
Let d = 150 + -60. Calculate the remainder when d is divided by 31 + (7/((-28)/(-16)) - 4).
28
Let l(v) = 257*v - 1190. Calculate the remainder when l(7) is divided by 5.
4
Let o be (60/14)/(1/7). Suppose -o = -i - 5*i. Calculate the remainder when ((-81)/(-12))/(i/40) is divided by 14.
12
Suppose -11*n + 15*n = 36. Suppose -34 = -5*q - n. Calculate the remainder when 13 is divided by q.
3
Suppose 0 = 4*m - j - 10175, -1